ivide 46951710?
True
Is 176 a factor of 589414144?
True
Does 14 divide 628327711?
False
Is 83 a factor of 307991918?
True
Is 6 a factor of 1386014046?
True
Does 72 divide 176330742?
False
Does 6914 divide 373826152?
True
Is 533902638 a multiple of 1149?
False
Is 8 a factor of 14993109?
False
Is 374 a factor of 7803920?
False
Does 17 divide 778547246?
False
Is 1145 a factor of 155243680?
True
Is 12 a factor of 336025938?
False
Does 572 divide 494124488?
True
Is 4586277819 a multiple of 4277?
False
Is 652528430 a multiple of 776?
False
Is 759455549 a multiple of 39?
False
Is 73774968 a multiple of 48?
False
Does 54 divide 74748150?
True
Does 9 divide 2423659?
False
Does 11 divide 513177680?
False
Is 22131100 a multiple of 4?
True
Is 150421369 a multiple of 37?
False
Is 18707606 a multiple of 6?
False
Is 715386782 a multiple of 893?
False
Does 213 divide 2128146261?
True
Does 69 divide 21549252?
True
Is 70650913 a multiple of 39?
False
Is 121171232 a multiple of 28?
True
Does 20 divide 186855720?
True
Is 181 a factor of 10215037?
False
Is 2468 a factor of 21170504?
True
Is 5031 a factor of 3219462675?
True
Does 6 divide 121969318?
False
Does 182 divide 420842751?
False
Does 51 divide 39710427?
False
Is 111371497 a multiple of 647?
False
Does 1251 divide 339690285?
True
Does 1893 divide 376477947?
True
Is 1368477765 a multiple of 8431?
True
Does 4094 divide 370728076?
True
Is 780400910 a multiple of 290?
False
Is 213 a factor of 42173361?
True
Does 9178 divide 2497138043?
False
Is 1256328539 a multiple of 58?
False
Is 2973877685 a multiple of 22?
False
Is 140 a factor of 512258180?
True
Does 63 divide 33731901?
True
Is 177945670 a multiple of 19?
False
Is 44051997 a multiple of 33?
True
Does 7 divide 7205695?
True
Does 2519 divide 937632632?
False
Is 26 a factor of 137644047?
False
Is 300 a factor of 34947130?
False
Does 224 divide 1046099936?
True
Is 175 a factor of 74920718?
False
Is 646 a factor of 112136556?
True
Is 259289380 a multiple of 21?
False
Is 9 a factor of 8812908?
True
Is 416853363 a multiple of 12?
False
Is 11 a factor of 1162866254?
True
Is 33 a factor of 488834193?
False
Is 524019330 a multiple of 15?
True
Is 77 a factor of 43433297?
False
Does 13 divide 119452565?
False
Is 15270160 a multiple of 172?
True
Is 25 a factor of 27462379?
False
Is 7893953 a multiple of 181?
True
Is 7217 a factor of 176975274?
True
Is 13 a factor of 470646430?
False
Is 507 a factor of 30870734?
False
Does 45 divide 251034435?
True
Is 2737661936 a multiple of 63?
False
Does 1190 divide 878411590?
True
Is 114 a factor of 1439602941?
False
Is 766951549 a multiple of 91?
True
Is 6 a factor of 110637600?
True
Is 13 a factor of 4535954?
False
Is 27 a factor of 115465640?
False
Is 588 a factor of 58093224?
True
Is 268163461 a multiple of 85?
False
Does 17 divide 26582373?
True
Is 61998256 a multiple of 2480?
False
Is 514909855 a multiple of 1445?
True
Is 142356424 a multiple of 2716?
True
Does 39 divide 1453670247?
False
Is 73 a factor of 287743700?
False
Is 138197094 a multiple of 14?
True
Is 20757008 a multiple of 58?
False
Is 63 a factor of 256648833?
True
Is 14082594 a multiple of 5?
False
Does 11 divide 284625957?
True
Is 19257493 a multiple of 9?
False
Is 8 a factor of 213133713?
False
Does 99 divide 149647806?
True
Does 35 divide 223595085?
True
Does 139 divide 73820535?
False
Is 372362920 a multiple of 5?
True
Is 1134377345 a multiple of 2767?
False
Does 7 divide 402950210?
False
Does 746 divide 57829174?
True
Does 303 divide 5959404?
True
Is 29 a factor of 6089037935?
False
Is 290506080 a multiple of 314?
False
Does 9 divide 12398400?
True
Is 1429 a factor of 201740942?
False
Does 11 divide 1234792152?
True
Is 126 a factor of 5335679790?
True
Is 78 a factor of 19933524?
True
Does 647 divide 477102976?
True
Does 14 divide 13082654?
False
Is 40 a factor of 1153724631?
False
Does 8 divide 93168820?
False
Is 1616 a factor of 57122368?
True
Does 63 divide 57911820?
False
Is 89772585 a multiple of 529?
False
Does 119 divide 313570117?
True
Is 44 a factor of 2988024717?
False
Is 23 a factor of 60475579?
True
Is 8 a factor of 32287552?
True
Does 15 divide 22040060?
False
Does 231 divide 20071590?
True
Is 38635434 a multiple of 3753?
False
Is 76226771 a multiple of 59?
False
Does 323 divide 59483703?
False
Is 2 a factor of 9755362?
True
Does 4 divide 275339936?
True
Is 38 a factor of 399152?
True
Is 42004014 a multiple of 534?
False
Is 44779979 a multiple of 19?
True
Does 735 divide 63495915?
True
Is 2641063 even?
False
Is 6047 a factor of 428843117?
False
Does 12638 divide 1765023080?
True
Is 9630072 a multiple of 13?
False
Is 196 a factor of 13903799?
False
Is 2 a factor of 4199549?
False
Does 11 divide 2111378?
False
Is 835 a factor of 19618325?
True
Is 127 a factor of 26364013?
False
Is 191131804 a multiple of 25?
False
Does 9 divide 12547980?
True
Is 17 a factor of 56127387?
True
Does 116 divide 46538736?
True
Is 438 a factor of 74809505?
False
Is 76526175 a multiple of 111?
True
Is 1952431980 a multiple of 510?
True
Is 1062116055 a multiple of 1045?
True
Is 874 a factor of 923830?
False
Is 372390224 a multiple of 1824?
False
Does 16 divide 27247706?
False
Is 53694015 a multiple of 3?
True
Is 511649424 a multiple of 2288?
True
Does 56 divide 84893192?
False
Is 7841156 a multiple of 4?
True
Does 87 divide 31524276?
True
Is 5 a factor of 35134069?
False
Is 44 a factor of 299754224?
True
Is 19 a factor of 364002532?
True
Is 602 a factor of 20251882?
True
Is 452597575 a multiple of 14?
False
Does 2347 divide 30243442?
True
Does 595 divide 45691835?
True
Is 128122368 a multiple of 1056?
True
Is 503 a factor of 23238517?
False
Is 45 a factor of 21865950?
True
Is 336312816 a multiple of 84?
True
Is 267921470 a multiple of 145?
False
Is 38 a factor of 4342488?
True
Is 167 a factor of 353116929?
False
Does 129 divide 151258563?
True
Is 24943066 a multiple of 3?
False
Does 2298 divide 280491582?
True
Does 22 divide 29202683?
False
Does 8001 divide 2660083049?
False
Is 25 a factor of 55614300?
True
Is 7767 a factor of 836389395?
True
Is 2061 a factor of 37155787?
False
Does 84 divide 54834024?
True
Is 13099268 a multiple of 110?
False
Does 15 divide 7146495?
True
Is 1048618604 a multiple of 1244?
True
Is 521 a factor of 26585588?
True
Does 40 divide 20162520?
True
Is 1993 a factor of 391914747?
False
Is 108 a factor of 3080501928?
True
Does 2938 divide 240830042?
False
Is 61 a factor of 2388485012?
True
Is 23534849 a multiple of 1463?
False
Is 1464496640 a multiple of 256?
True
Is 125762604 a multiple of 1059?
True
Is 80842912 a multiple of 16?
True
Is 8598636 a multiple of 5?
False
Does 50 divide 6382211?
False
Is 110 a factor of 33999644?
False
Is 902208636 a multiple of 126?
True
Is 6364896894 a multiple of 774?
True
Is 5897 a factor of 2212024839?
False
Is 22 a factor of 97590252?
False
Is 19 a factor of 10203465?
False
Does 1210 divide 24052602?
False
Does 895 divide 21818267?
False
Is 13 a factor of 11930952?
False
Does 579 divide 3312373887?
True
Does 3 divide 48302628?
True
Is 2042840130 a multiple of 645?
True
Is 205488843 a multiple of 357?
True
Is 65695577 a multiple of 67?
True
Does 229 divide 2159012?
True
Is 7 a factor of 284698697?
False
Does 1135 divide 288443225?
True
Does 91 divide 82211402?
True
Is 2604526624 a multiple of 46?
True
Does 3651 divide 163480827?
True
Is 282067001 a multiple of 101?
False
Does 291 divide 5786967?
False
Does 1775 divide 52593729?
False
Does 117 divide 69300504?
True
Is 40 a factor of 160801607?
False
Is 12 a factor of 6015817976?
False
Is 359260700 a multiple of 430?
True
Does 1062 divide 427560138?
True
Is 75 a factor of 12430275?
True
Does 5494 divide 194548034?
True
Is 34 a factor of 742209754?
False
Is 23 a factor of 1047278596?
True
Is 28260936 a multiple of 9?
True
Does 46 divide 11032154?
False
Is 88139755 a multiple of 292?
False
Is 11 a factor of 445756932?
False
Does 44 divide 159632044?
True
Does 167 divide 226285334?
True
Is 1286 a factor of 867872532?
True
Is 679610280 a multiple of 18?
False
Is 134 a factor of 1566868595?
False
Is 84 a factor of 222181680?
True
Does 8570 divide 769392276?
False
Is 114414401 a multiple of 24?
False
Is 7565635 a multiple of 42?
False
Is 25851983 a multiple of 1759?
Fa